{"id":817,"date":"2024-04-04T08:30:09","date_gmt":"2024-04-04T08:30:09","guid":{"rendered":"https:\/\/pspyazilim.com\/?page_id=817"},"modified":"2026-01-16T12:13:20","modified_gmt":"2026-01-16T09:13:20","slug":"kurumsal-e-posta","status":"publish","type":"page","link":"https:\/\/pspyazilim.com\/?page_id=817","title":{"rendered":"KURUMSAL E-POSTA"},"content":{"rendered":"\t\t<div data-elementor-type=\"wp-page\" data-elementor-id=\"817\" class=\"elementor elementor-817\" data-elementor-post-type=\"page\">\n\t\t\t\t<div class=\"elementor-element elementor-element-3d5d223 e-con-full e-flex e-con e-parent\" data-id=\"3d5d223\" data-element_type=\"container\" data-e-type=\"container\">\n\t\t\t\t<div class=\"elementor-element elementor-element-793fcbd elementor-widget__width-inherit elementor-widget elementor-widget-n-carousel\" data-id=\"793fcbd\" data-element_type=\"widget\" data-e-type=\"widget\" data-settings=\"{&quot;carousel_items&quot;:[{&quot;slide_title&quot;:&quot;Slide #1&quot;,&quot;_id&quot;:&quot;e995975&quot;}],&quot;slides_to_show&quot;:&quot;1&quot;,&quot;slides_to_show_tablet&quot;:&quot;2&quot;,&quot;slides_to_show_mobile&quot;:&quot;1&quot;,&quot;speed&quot;:500,&quot;image_spacing_custom&quot;:{&quot;unit&quot;:&quot;px&quot;,&quot;size&quot;:10,&quot;sizes&quot;:[]},&quot;image_spacing_custom_tablet&quot;:{&quot;unit&quot;:&quot;px&quot;,&quot;size&quot;:&quot;&quot;,&quot;sizes&quot;:[]},&quot;image_spacing_custom_mobile&quot;:{&quot;unit&quot;:&quot;px&quot;,&quot;size&quot;:&quot;&quot;,&quot;sizes&quot;:[]}}\" data-widget_type=\"nested-carousel.default\">\n\t\t\t\t\t\t\t<div class=\"e-n-carousel swiper\" role=\"region\" aria-roledescription=\"carousel\" aria-label=\"Carousel\" dir=\"ltr\">\n\t\t\t<div class=\"swiper-wrapper\" aria-live=\"polite\">\n\t\t\t\t\t\t\t\t\t\t<div class=\"swiper-slide\" data-slide=\"1\" role=\"group\" aria-roledescription=\"slide\" aria-label=\"1 of 1\">\n\t\t\t\t\t\t\t<div class=\"elementor-element elementor-element-e3e7bd6 e-con-full e-flex e-con e-child\" data-id=\"e3e7bd6\" data-element_type=\"container\" data-e-type=\"container\">\n\t\t<div class=\"elementor-element elementor-element-14125d1 e-con-full e-flex e-con e-child\" data-id=\"14125d1\" data-element_type=\"container\" data-e-type=\"container\" data-settings=\"{&quot;background_background&quot;:&quot;classic&quot;,&quot;shape_divider_top&quot;:&quot;mountains&quot;,&quot;shape_divider_bottom&quot;:&quot;mountains&quot;}\">\n\t\t\t\t<div class=\"elementor-shape elementor-shape-top\" aria-hidden=\"true\" data-negative=\"false\">\n\t\t\t<svg xmlns=\"http:\/\/www.w3.org\/2000\/svg\" viewBox=\"0 0 1000 100\" preserveAspectRatio=\"none\">\n\t<path class=\"elementor-shape-fill\" opacity=\"0.33\" d=\"M473,67.3c-203.9,88.3-263.1-34-320.3,0C66,119.1,0,59.7,0,59.7V0h1000v59.7 c0,0-62.1,26.1-94.9,29.3c-32.8,3.3-62.8-12.3-75.8-22.1C806,49.6,745.3,8.7,694.9,4.7S492.4,59,473,67.3z\"\/>\n\t<path class=\"elementor-shape-fill\" opacity=\"0.66\" d=\"M734,67.3c-45.5,0-77.2-23.2-129.1-39.1c-28.6-8.7-150.3-10.1-254,39.1 s-91.7-34.4-149.2,0C115.7,118.3,0,39.8,0,39.8V0h1000v36.5c0,0-28.2-18.5-92.1-18.5C810.2,18.1,775.7,67.3,734,67.3z\"\/>\n\t<path class=\"elementor-shape-fill\" d=\"M766.1,28.9c-200-57.5-266,65.5-395.1,19.5C242,1.8,242,5.4,184.8,20.6C128,35.8,132.3,44.9,89.9,52.5C28.6,63.7,0,0,0,0 h1000c0,0-9.9,40.9-83.6,48.1S829.6,47,766.1,28.9z\"\/>\n<\/svg>\t\t<\/div>\n\t\t\t\t<div class=\"elementor-shape elementor-shape-bottom\" aria-hidden=\"true\" data-negative=\"false\">\n\t\t\t<svg xmlns=\"http:\/\/www.w3.org\/2000\/svg\" viewBox=\"0 0 1000 100\" preserveAspectRatio=\"none\">\n\t<path class=\"elementor-shape-fill\" opacity=\"0.33\" d=\"M473,67.3c-203.9,88.3-263.1-34-320.3,0C66,119.1,0,59.7,0,59.7V0h1000v59.7 c0,0-62.1,26.1-94.9,29.3c-32.8,3.3-62.8-12.3-75.8-22.1C806,49.6,745.3,8.7,694.9,4.7S492.4,59,473,67.3z\"\/>\n\t<path class=\"elementor-shape-fill\" opacity=\"0.66\" d=\"M734,67.3c-45.5,0-77.2-23.2-129.1-39.1c-28.6-8.7-150.3-10.1-254,39.1 s-91.7-34.4-149.2,0C115.7,118.3,0,39.8,0,39.8V0h1000v36.5c0,0-28.2-18.5-92.1-18.5C810.2,18.1,775.7,67.3,734,67.3z\"\/>\n\t<path class=\"elementor-shape-fill\" d=\"M766.1,28.9c-200-57.5-266,65.5-395.1,19.5C242,1.8,242,5.4,184.8,20.6C128,35.8,132.3,44.9,89.9,52.5C28.6,63.7,0,0,0,0 h1000c0,0-9.9,40.9-83.6,48.1S829.6,47,766.1,28.9z\"\/>\n<\/svg>\t\t<\/div>\n\t\t\t\t<div class=\"elementor-element elementor-element-b0cc7c8 elementor-widget__width-inherit elementor-widget elementor-widget-heading\" data-id=\"b0cc7c8\" data-element_type=\"widget\" data-e-type=\"widget\" data-widget_type=\"heading.default\">\n\t\t\t\t\t<h1 class=\"elementor-heading-title elementor-size-default\">Kurumsal E-Posta<\/h1>\t\t\t\t<\/div>\n\t\t\t\t<\/div>\n\t\t\t\t<\/div>\n\t\t\t\t\t\t\t\t<\/div>\n\t\t\t\t\t\t\t\t<\/div>\n\t\t<\/div>\n\t\t\t\t\t\t<\/div>\n\t\t\t\t<\/div>\n\t\t<div class=\"elementor-element elementor-element-15281f1 e-flex e-con-boxed e-con e-parent\" data-id=\"15281f1\" data-element_type=\"container\" data-e-type=\"container\" data-settings=\"{&quot;background_background&quot;:&quot;classic&quot;}\">\n\t\t\t\t\t<div class=\"e-con-inner\">\n\t\t<div class=\"elementor-element elementor-element-5abf50e e-con-full e-flex e-con e-child\" data-id=\"5abf50e\" data-element_type=\"container\" data-e-type=\"container\">\n\t\t\t\t<div class=\"elementor-element elementor-element-3a6446e elementor-widget__width-inherit elementor-widget elementor-widget-sidebar\" data-id=\"3a6446e\" data-element_type=\"widget\" data-e-type=\"widget\" data-widget_type=\"sidebar.default\">\n\t\t\t\t\t<section id=\"text-4\" class=\"widget widget_text\"><h2 class=\"widget-title\">\u00dcR\u00dcNLER\u0130M\u0130Z<\/h2>\t\t\t<div class=\"textwidget\"><p><a href=\"https:\/\/pspyazilim.com\/?page_id=669\">Sigorta Acente Program\u0131<\/a><br \/>\n<a href=\"https:\/\/pspyazilim.com\/?page_id=809\">\u015eube Program\u0131<\/a><br \/>\n<a href=\"https:\/\/pspyazilim.com\/?page_id=784\">Oto Servis Program\u0131<\/a><br \/>\n<a href=\"https:\/\/pspyazilim.com\/?page_id=837\">Sigorta Web Sitesi<\/a><br \/>\n<a href=\"https:\/\/pspyazilim.com\/?page_id=817\">Kurumsal E-Posta<\/a><br \/>\n<a href=\"https:\/\/pspyazilim.com\/?page_id=1194\">\u00d6zel Yaz\u0131l\u0131m \u00c7\u00f6z\u00fcmleri<\/a><\/p>\n<\/div>\n\t\t<\/section>\t\t\t\t<\/div>\n\t\t\t\t<\/div>\n\t\t<div class=\"elementor-element elementor-element-ef0b411 e-con-full e-flex e-con e-child\" data-id=\"ef0b411\" data-element_type=\"container\" data-e-type=\"container\">\n\t\t\t\t<div class=\"elementor-element elementor-element-a6f592e e-transform elementor-widget elementor-widget-heading\" data-id=\"a6f592e\" data-element_type=\"widget\" data-e-type=\"widget\" data-settings=\"{&quot;_transform_scale_effect_hover&quot;:{&quot;unit&quot;:&quot;px&quot;,&quot;size&quot;:&quot;&quot;,&quot;sizes&quot;:[]},&quot;_transform_scale_effect_hover_tablet&quot;:{&quot;unit&quot;:&quot;px&quot;,&quot;size&quot;:&quot;&quot;,&quot;sizes&quot;:[]},&quot;_transform_scale_effect_hover_mobile&quot;:{&quot;unit&quot;:&quot;px&quot;,&quot;size&quot;:&quot;&quot;,&quot;sizes&quot;:[]}}\" data-widget_type=\"heading.default\">\n\t\t\t\t\t<h2 class=\"elementor-heading-title elementor-size-default\">Kurumsal E-Posta Nedir?<\/h2>\t\t\t\t<\/div>\n\t\t\t\t<div class=\"elementor-element elementor-element-480bd60 elementor-widget elementor-widget-text-editor\" data-id=\"480bd60\" data-element_type=\"widget\" data-e-type=\"widget\" data-settings=\"{&quot;_animation&quot;:&quot;none&quot;}\" data-widget_type=\"text-editor.default\">\n\t\t\t\t\t\t\t\t\t<p>\u0130\u015finiz ve i\u015fletmeniz ile ilgili yaz\u0131\u015fmalar\u0131n\u0131z i\u00e7in kullanabilece\u011finiz Kurumsal E-Posta ile kurumsal kimli\u011finizi \u00f6ne \u00e7\u0131kar\u0131r, markan\u0131za prestij katar ve alan ad\u0131n\u0131za \u00f6zel e-posta adresi kullanabilirsiniz. Kurumsal mail ile yapaca\u011f\u0131n\u0131z yaz\u0131\u015fmalarda al\u0131c\u0131lar\u0131n\u0131za ve m\u00fc\u015fterilerinize g\u00fcven verir, profesyonel bir g\u00f6r\u00fcn\u00fcm elde edersiniz. T\u00fcrk\u00e7e dil ve aray\u00fcz ile kolayl\u0131kla kullanabilece\u011finiz Kurumsal E-Posta, T\u00fcrkiye lokasyon bar\u0131nd\u0131rma ile mevzuata uygun, g\u00fcvenli bir e-posta \u00e7\u00f6z\u00fcm\u00fcd\u00fcr.<\/p>\t\t\t\t\t\t\t\t<\/div>\n\t\t\t\t<div class=\"elementor-element elementor-element-ce3f2ed e-transform elementor-widget elementor-widget-heading\" data-id=\"ce3f2ed\" data-element_type=\"widget\" data-e-type=\"widget\" data-settings=\"{&quot;_transform_scale_effect_hover&quot;:{&quot;unit&quot;:&quot;px&quot;,&quot;size&quot;:&quot;&quot;,&quot;sizes&quot;:[]},&quot;_transform_scale_effect_hover_tablet&quot;:{&quot;unit&quot;:&quot;px&quot;,&quot;size&quot;:&quot;&quot;,&quot;sizes&quot;:[]},&quot;_transform_scale_effect_hover_mobile&quot;:{&quot;unit&quot;:&quot;px&quot;,&quot;size&quot;:&quot;&quot;,&quot;sizes&quot;:[]}}\" data-widget_type=\"heading.default\">\n\t\t\t\t\t<h2 class=\"elementor-heading-title elementor-size-default\">Kendi Alan Ad\u0131n\u0131z ile Kullanabilece\u011finiz Kurumsal E-Posta Adresi<\/h2>\t\t\t\t<\/div>\n\t\t\t\t<div class=\"elementor-element elementor-element-996c64a elementor-widget elementor-widget-text-editor\" data-id=\"996c64a\" data-element_type=\"widget\" data-e-type=\"widget\" data-settings=\"{&quot;_animation&quot;:&quot;none&quot;}\" data-widget_type=\"text-editor.default\">\n\t\t\t\t\t\t\t\t\t<p>Alan ad\u0131n\u0131za \u00f6zel e-posta adresi kullanarak kurumsal g\u00f6r\u00fcn\u00fcm ve prestij elde edin. \u015eirketinizin ad\u0131 ile kullanaca\u011f\u0131n\u0131z e-posta adresi ile g\u00f6nderece\u011finiz e-posta iletileri markan\u0131z\u0131 temsil etsin ve al\u0131c\u0131lara g\u00fcven verin. Kurumsal E-Posta, Outlook, Apple Mail, eM Client, Thunderbird gibi pop\u00fcler e-posta programlar\u0131yla tam uyumludur ve otomatik hesap kurulumu destekler. Ayr\u0131ca diledi\u011finiz yerden WebMail ile e-postalar\u0131n\u0131za eri\u015fim sa\u011flayabilirsiniz.<\/p>\t\t\t\t\t\t\t\t<\/div>\n\t\t\t\t<div class=\"elementor-element elementor-element-222b274 e-transform elementor-widget elementor-widget-heading\" data-id=\"222b274\" data-element_type=\"widget\" data-e-type=\"widget\" data-settings=\"{&quot;_transform_scale_effect_hover&quot;:{&quot;unit&quot;:&quot;px&quot;,&quot;size&quot;:&quot;&quot;,&quot;sizes&quot;:[]},&quot;_transform_scale_effect_hover_tablet&quot;:{&quot;unit&quot;:&quot;px&quot;,&quot;size&quot;:&quot;&quot;,&quot;sizes&quot;:[]},&quot;_transform_scale_effect_hover_mobile&quot;:{&quot;unit&quot;:&quot;px&quot;,&quot;size&quot;:&quot;&quot;,&quot;sizes&quot;:[]}}\" data-widget_type=\"heading.default\">\n\t\t\t\t\t<h2 class=\"elementor-heading-title elementor-size-default\">%100 Yerli ve G\u00fcvenli Altyap\u0131 ile T\u00fcm E-Posta \u0130letileriniz T\u00fcrkiye'de<\/h2>\t\t\t\t<\/div>\n\t\t\t\t<div class=\"elementor-element elementor-element-31f1b7a elementor-widget elementor-widget-text-editor\" data-id=\"31f1b7a\" data-element_type=\"widget\" data-e-type=\"widget\" data-settings=\"{&quot;_animation&quot;:&quot;none&quot;}\" data-widget_type=\"text-editor.default\">\n\t\t\t\t\t\t\t\t\t<p>XMail Kurumsal E-Posta \u00fczerinde bar\u0131nd\u0131r\u0131lan t\u00fcm e-posta adresleri ve i\u00e7erdi\u011fi iletiler T\u00fcrkiye s\u0131n\u0131rlar\u0131 i\u00e7erisinde, KVKK uyumlu ve y\u00fcksek g\u00fcvenlikli altyap\u0131 \u00fczerinde saklan\u0131r. Hi\u00e7bir yaz\u0131\u015fma ve dosya eki \u00fc\u00e7\u00fcnc\u00fc kurumlar ya da yabanc\u0131 kaynaklar ile payla\u015f\u0131lmadan, sunucularda g\u00fcvenle muhafaza edilir. T\u00fcm iletileriniz, Cumhurba\u015fkanl\u0131\u011f\u0131 genelgesi kapsam\u0131ndaki yeni mevzuat ve KVKK reg\u00fclasyonu ile uyumlu bir \u015fekilde bar\u0131nd\u0131r\u0131l\u0131r.<\/p>\t\t\t\t\t\t\t\t<\/div>\n\t\t\t\t<div class=\"elementor-element elementor-element-948e543 e-transform elementor-widget elementor-widget-heading\" data-id=\"948e543\" data-element_type=\"widget\" data-e-type=\"widget\" data-settings=\"{&quot;_transform_scale_effect_hover&quot;:{&quot;unit&quot;:&quot;px&quot;,&quot;size&quot;:&quot;&quot;,&quot;sizes&quot;:[]},&quot;_transform_scale_effect_hover_tablet&quot;:{&quot;unit&quot;:&quot;px&quot;,&quot;size&quot;:&quot;&quot;,&quot;sizes&quot;:[]},&quot;_transform_scale_effect_hover_mobile&quot;:{&quot;unit&quot;:&quot;px&quot;,&quot;size&quot;:&quot;&quot;,&quot;sizes&quot;:[]}}\" data-widget_type=\"heading.default\">\n\t\t\t\t\t<h2 class=\"elementor-heading-title elementor-size-default\">Geli\u015fmi\u015f Anti Spam Filtresi ve Anti Vir\u00fcs Korumas\u0131<\/h2>\t\t\t\t<\/div>\n\t\t\t\t<div class=\"elementor-element elementor-element-ed5899e elementor-widget elementor-widget-text-editor\" data-id=\"ed5899e\" data-element_type=\"widget\" data-e-type=\"widget\" data-settings=\"{&quot;_animation&quot;:&quot;none&quot;}\" data-widget_type=\"text-editor.default\">\n\t\t\t\t\t\t\t\t\t<p>Kurumsal E-Posta hesaplar\u0131na gelen t\u00fcm e-posta iletileri, geli\u015fmi\u015f Antispam kontrol\u00fcnden ge\u00e7er. Anti Spam korumas\u0131, istenmeyen ve spam e-posta g\u00f6nderilerini %98.2 ba\u015far\u0131 ortalamas\u0131 ile durdurur. K\u00f6t\u00fc ama\u00e7l\u0131 i\u00e7eriklere ve tehtidlere kar\u015f\u0131 g\u00fcvende olman\u0131z\u0131 sa\u011flayan Anti Vir\u00fcs korumas\u0131 ile t\u00fcm zararl\u0131 ileti ve dosya ekleri periyodik aral\u0131klarla taran\u0131r ve e-postalar\u0131n\u0131z\u0131n her zaman g\u00fcvende olmas\u0131n\u0131 sa\u011flan\u0131r.<\/p>\t\t\t\t\t\t\t\t<\/div>\n\t\t\t\t<div class=\"elementor-element elementor-element-2bec358 e-transform elementor-widget elementor-widget-heading\" data-id=\"2bec358\" data-element_type=\"widget\" data-e-type=\"widget\" data-settings=\"{&quot;_transform_scale_effect_hover&quot;:{&quot;unit&quot;:&quot;px&quot;,&quot;size&quot;:&quot;&quot;,&quot;sizes&quot;:[]},&quot;_transform_scale_effect_hover_tablet&quot;:{&quot;unit&quot;:&quot;px&quot;,&quot;size&quot;:&quot;&quot;,&quot;sizes&quot;:[]},&quot;_transform_scale_effect_hover_mobile&quot;:{&quot;unit&quot;:&quot;px&quot;,&quot;size&quot;:&quot;&quot;,&quot;sizes&quot;:[]}}\" data-widget_type=\"heading.default\">\n\t\t\t\t\t<h2 class=\"elementor-heading-title elementor-size-default\">Y\u0131ll\u0131k Fiyat\u0131 : 4.200 TL + % 20 KDV<\/h2>\t\t\t\t<\/div>\n\t\t\t\t<\/div>\n\t\t\t\t\t<\/div>\n\t\t\t\t<\/div>\n\t\t\t\t<\/div>\n\t\t","protected":false},"excerpt":{"rendered":"<p>Kurumsal E-Posta Kurumsal E-Posta Kurumsal E-Posta Nedir? \u0130\u015finiz ve i\u015fletmeniz ile ilgili yaz\u0131\u015fmalar\u0131n\u0131z i\u00e7in kullanabilece\u011finiz Kurumsal E-Posta ile kurumsal kimli\u011finizi \u00f6ne \u00e7\u0131kar\u0131r, markan\u0131za prestij katar ve alan ad\u0131n\u0131za \u00f6zel e-posta adresi kullanabilirsiniz. Kurumsal mail ile yapaca\u011f\u0131n\u0131z yaz\u0131\u015fmalarda al\u0131c\u0131lar\u0131n\u0131za ve m\u00fc\u015fterilerinize g\u00fcven verir, profesyonel bir g\u00f6r\u00fcn\u00fcm elde edersiniz. T\u00fcrk\u00e7e dil ve aray\u00fcz ile kolayl\u0131kla kullanabilece\u011finiz Kurumsal&#8230;<\/p>\n","protected":false},"author":1,"featured_media":0,"parent":0,"menu_order":0,"comment_status":"closed","ping_status":"closed","template":"","meta":{"_kadence_starter_templates_imported_post":false,"_kad_post_transparent":"","_kad_post_title":"hide","_kad_post_layout":"fullwidth","_kad_post_sidebar_id":"","_kad_post_content_style":"unboxed","_kad_post_vertical_padding":"hide","_kad_post_feature":"hide","_kad_post_feature_position":"","_kad_post_header":false,"_kad_post_footer":false,"_kad_post_classname":"","_joinchat":[],"footnotes":""},"class_list":["post-817","page","type-page","status-publish","hentry"],"_links":{"self":[{"href":"https:\/\/pspyazilim.com\/index.php?rest_route=\/wp\/v2\/pages\/817","targetHints":{"allow":["GET"]}}],"collection":[{"href":"https:\/\/pspyazilim.com\/index.php?rest_route=\/wp\/v2\/pages"}],"about":[{"href":"https:\/\/pspyazilim.com\/index.php?rest_route=\/wp\/v2\/types\/page"}],"author":[{"embeddable":true,"href":"https:\/\/pspyazilim.com\/index.php?rest_route=\/wp\/v2\/users\/1"}],"replies":[{"embeddable":true,"href":"https:\/\/pspyazilim.com\/index.php?rest_route=%2Fwp%2Fv2%2Fcomments&post=817"}],"version-history":[{"count":100,"href":"https:\/\/pspyazilim.com\/index.php?rest_route=\/wp\/v2\/pages\/817\/revisions"}],"predecessor-version":[{"id":3889,"href":"https:\/\/pspyazilim.com\/index.php?rest_route=\/wp\/v2\/pages\/817\/revisions\/3889"}],"wp:attachment":[{"href":"https:\/\/pspyazilim.com\/index.php?rest_route=%2Fwp%2Fv2%2Fmedia&parent=817"}],"curies":[{"name":"wp","href":"https:\/\/api.w.org\/{rel}","templated":true}]}}