{"id":809,"date":"2024-04-04T07:34:32","date_gmt":"2024-04-04T07:34:32","guid":{"rendered":"https:\/\/pspyazilim.com\/?page_id=809"},"modified":"2026-01-16T12:05:23","modified_gmt":"2026-01-16T09:05:23","slug":"sube-programi","status":"publish","type":"page","link":"https:\/\/pspyazilim.com\/?page_id=809","title":{"rendered":"\u015eUBE PROGRAMI"},"content":{"rendered":"\t\t<div data-elementor-type=\"wp-page\" data-elementor-id=\"809\" class=\"elementor elementor-809\" data-elementor-post-type=\"page\">\n\t\t\t\t<div class=\"elementor-element elementor-element-df4d15d e-con-full e-flex e-con e-parent\" data-id=\"df4d15d\" data-element_type=\"container\" data-e-type=\"container\">\n\t\t\t\t<div class=\"elementor-element elementor-element-8483218 elementor-widget__width-inherit elementor-widget elementor-widget-n-carousel\" data-id=\"8483218\" data-element_type=\"widget\" data-e-type=\"widget\" data-settings=\"{&quot;carousel_items&quot;:[{&quot;slide_title&quot;:&quot;Slide #1&quot;,&quot;_id&quot;:&quot;e995975&quot;}],&quot;slides_to_show&quot;:&quot;1&quot;,&quot;slides_to_show_tablet&quot;:&quot;2&quot;,&quot;slides_to_show_mobile&quot;:&quot;1&quot;,&quot;speed&quot;:500,&quot;image_spacing_custom&quot;:{&quot;unit&quot;:&quot;px&quot;,&quot;size&quot;:10,&quot;sizes&quot;:[]},&quot;image_spacing_custom_tablet&quot;:{&quot;unit&quot;:&quot;px&quot;,&quot;size&quot;:&quot;&quot;,&quot;sizes&quot;:[]},&quot;image_spacing_custom_mobile&quot;:{&quot;unit&quot;:&quot;px&quot;,&quot;size&quot;:&quot;&quot;,&quot;sizes&quot;:[]}}\" data-widget_type=\"nested-carousel.default\">\n\t\t\t\t\t\t\t<div class=\"e-n-carousel swiper\" role=\"region\" aria-roledescription=\"carousel\" aria-label=\"Carousel\" dir=\"ltr\">\n\t\t\t<div class=\"swiper-wrapper\" aria-live=\"polite\">\n\t\t\t\t\t\t\t\t\t\t<div class=\"swiper-slide\" data-slide=\"1\" role=\"group\" aria-roledescription=\"slide\" aria-label=\"1 of 1\">\n\t\t\t\t\t\t\t<div class=\"elementor-element elementor-element-15f2765 e-con-full e-flex e-con e-child\" data-id=\"15f2765\" data-element_type=\"container\" data-e-type=\"container\">\n\t\t<div class=\"elementor-element elementor-element-3d143b5 e-con-full e-flex e-con e-child\" data-id=\"3d143b5\" data-element_type=\"container\" data-e-type=\"container\" data-settings=\"{&quot;background_background&quot;:&quot;classic&quot;,&quot;shape_divider_top&quot;:&quot;mountains&quot;,&quot;shape_divider_bottom&quot;:&quot;mountains&quot;}\">\n\t\t\t\t<div class=\"elementor-shape elementor-shape-top\" aria-hidden=\"true\" data-negative=\"false\">\n\t\t\t<svg xmlns=\"http:\/\/www.w3.org\/2000\/svg\" viewBox=\"0 0 1000 100\" preserveAspectRatio=\"none\">\n\t<path class=\"elementor-shape-fill\" opacity=\"0.33\" d=\"M473,67.3c-203.9,88.3-263.1-34-320.3,0C66,119.1,0,59.7,0,59.7V0h1000v59.7 c0,0-62.1,26.1-94.9,29.3c-32.8,3.3-62.8-12.3-75.8-22.1C806,49.6,745.3,8.7,694.9,4.7S492.4,59,473,67.3z\"\/>\n\t<path class=\"elementor-shape-fill\" opacity=\"0.66\" d=\"M734,67.3c-45.5,0-77.2-23.2-129.1-39.1c-28.6-8.7-150.3-10.1-254,39.1 s-91.7-34.4-149.2,0C115.7,118.3,0,39.8,0,39.8V0h1000v36.5c0,0-28.2-18.5-92.1-18.5C810.2,18.1,775.7,67.3,734,67.3z\"\/>\n\t<path class=\"elementor-shape-fill\" d=\"M766.1,28.9c-200-57.5-266,65.5-395.1,19.5C242,1.8,242,5.4,184.8,20.6C128,35.8,132.3,44.9,89.9,52.5C28.6,63.7,0,0,0,0 h1000c0,0-9.9,40.9-83.6,48.1S829.6,47,766.1,28.9z\"\/>\n<\/svg>\t\t<\/div>\n\t\t\t\t<div class=\"elementor-shape elementor-shape-bottom\" aria-hidden=\"true\" data-negative=\"false\">\n\t\t\t<svg xmlns=\"http:\/\/www.w3.org\/2000\/svg\" viewBox=\"0 0 1000 100\" preserveAspectRatio=\"none\">\n\t<path class=\"elementor-shape-fill\" opacity=\"0.33\" d=\"M473,67.3c-203.9,88.3-263.1-34-320.3,0C66,119.1,0,59.7,0,59.7V0h1000v59.7 c0,0-62.1,26.1-94.9,29.3c-32.8,3.3-62.8-12.3-75.8-22.1C806,49.6,745.3,8.7,694.9,4.7S492.4,59,473,67.3z\"\/>\n\t<path class=\"elementor-shape-fill\" opacity=\"0.66\" d=\"M734,67.3c-45.5,0-77.2-23.2-129.1-39.1c-28.6-8.7-150.3-10.1-254,39.1 s-91.7-34.4-149.2,0C115.7,118.3,0,39.8,0,39.8V0h1000v36.5c0,0-28.2-18.5-92.1-18.5C810.2,18.1,775.7,67.3,734,67.3z\"\/>\n\t<path class=\"elementor-shape-fill\" d=\"M766.1,28.9c-200-57.5-266,65.5-395.1,19.5C242,1.8,242,5.4,184.8,20.6C128,35.8,132.3,44.9,89.9,52.5C28.6,63.7,0,0,0,0 h1000c0,0-9.9,40.9-83.6,48.1S829.6,47,766.1,28.9z\"\/>\n<\/svg>\t\t<\/div>\n\t\t\t\t<div class=\"elementor-element elementor-element-41e8f2d elementor-widget__width-inherit elementor-widget elementor-widget-heading\" data-id=\"41e8f2d\" data-element_type=\"widget\" data-e-type=\"widget\" data-widget_type=\"heading.default\">\n\t\t\t\t\t<h1 class=\"elementor-heading-title elementor-size-default\">\u015eube Program\u0131<\/h1>\t\t\t\t<\/div>\n\t\t\t\t<\/div>\n\t\t\t\t<\/div>\n\t\t\t\t\t\t\t\t<\/div>\n\t\t\t\t\t\t\t\t<\/div>\n\t\t<\/div>\n\t\t\t\t\t\t<\/div>\n\t\t\t\t<\/div>\n\t\t<div class=\"elementor-element elementor-element-753a220 e-flex e-con-boxed e-con e-parent\" data-id=\"753a220\" data-element_type=\"container\" data-e-type=\"container\" data-settings=\"{&quot;background_background&quot;:&quot;classic&quot;}\">\n\t\t\t\t\t<div class=\"e-con-inner\">\n\t\t<div class=\"elementor-element elementor-element-e8e4a58 e-con-full e-flex e-con e-child\" data-id=\"e8e4a58\" data-element_type=\"container\" data-e-type=\"container\">\n\t\t\t\t<div class=\"elementor-element elementor-element-e9c9ace elementor-widget__width-inherit elementor-widget elementor-widget-sidebar\" data-id=\"e9c9ace\" data-element_type=\"widget\" data-e-type=\"widget\" data-widget_type=\"sidebar.default\">\n\t\t\t\t\t<section id=\"text-4\" class=\"widget widget_text\"><h2 class=\"widget-title\">\u00dcR\u00dcNLER\u0130M\u0130Z<\/h2>\t\t\t<div class=\"textwidget\"><p><a href=\"https:\/\/pspyazilim.com\/?page_id=669\">Sigorta Acente Program\u0131<\/a><br \/>\n<a href=\"https:\/\/pspyazilim.com\/?page_id=809\">\u015eube Program\u0131<\/a><br \/>\n<a href=\"https:\/\/pspyazilim.com\/?page_id=784\">Oto Servis Program\u0131<\/a><br \/>\n<a href=\"https:\/\/pspyazilim.com\/?page_id=837\">Sigorta Web Sitesi<\/a><br \/>\n<a href=\"https:\/\/pspyazilim.com\/?page_id=817\">Kurumsal E-Posta<\/a><br \/>\n<a href=\"https:\/\/pspyazilim.com\/?page_id=1194\">\u00d6zel Yaz\u0131l\u0131m \u00c7\u00f6z\u00fcmleri<\/a><\/p>\n<\/div>\n\t\t<\/section>\t\t\t\t<\/div>\n\t\t\t\t<\/div>\n\t\t<div class=\"elementor-element elementor-element-c3eb5b8 e-con-full e-flex e-con e-child\" data-id=\"c3eb5b8\" data-element_type=\"container\" data-e-type=\"container\">\n\t\t\t\t<div class=\"elementor-element elementor-element-c9abadc e-transform elementor-widget elementor-widget-heading\" data-id=\"c9abadc\" data-element_type=\"widget\" data-e-type=\"widget\" data-settings=\"{&quot;_transform_scale_effect_hover&quot;:{&quot;unit&quot;:&quot;px&quot;,&quot;size&quot;:&quot;&quot;,&quot;sizes&quot;:[]},&quot;_transform_scale_effect_hover_tablet&quot;:{&quot;unit&quot;:&quot;px&quot;,&quot;size&quot;:&quot;&quot;,&quot;sizes&quot;:[]},&quot;_transform_scale_effect_hover_mobile&quot;:{&quot;unit&quot;:&quot;px&quot;,&quot;size&quot;:&quot;&quot;,&quot;sizes&quot;:[]}}\" data-widget_type=\"heading.default\">\n\t\t\t\t\t<h2 class=\"elementor-heading-title elementor-size-default\">\u015eube Program\u0131 Ba\u015fl\u0131ca \u00d6zellikleri<\/h2>\t\t\t\t<\/div>\n\t\t\t\t<div class=\"elementor-element elementor-element-88afcf0 elementor-widget elementor-widget-text-editor\" data-id=\"88afcf0\" data-element_type=\"widget\" data-e-type=\"widget\" data-settings=\"{&quot;_animation&quot;:&quot;none&quot;}\" data-widget_type=\"text-editor.default\">\n\t\t\t\t\t\t\t\t\t<p>Sigorta Acente\u2019 lerinin Resmi \u015eube ve Tali Acentelerinin kullanabildi\u011fi, kullan\u0131m\u0131 kolay ve bir\u00e7ok \u00f6zellikleri i\u00e7erisinde bar\u0131nd\u0131ran bir programd\u0131r. Ba\u015fl\u0131ca \u00f6zellikleri a\u015fa\u011f\u0131da s\u0131ralanm\u0131\u015ft\u0131r.<\/p><ul><li><strong>Resmi \u015eube veya Tali Acente kesmi\u015f oldu\u011fu poli\u00e7e numaras\u0131n\u0131 sistemden giri\u015fini yaparak, ilgili poli\u00e7eyi kendi partaj\u0131na ekleyebilmektedir.<\/strong><\/li><li><strong>Yaz\u0131lan poli\u00e7e numaras\u0131 sistemde bulunamad\u0131\u011f\u0131 taktirde, program iste\u011finize ba\u011fl\u0131 olarak poli\u00e7e numaras\u0131n\u0131 kontrol listesine ekleyerek her saat ba\u015f\u0131nda otomatik kontrol yaparak, sistemde buldu\u011fu anda partaj\u0131n\u0131za eklemektedir.<\/strong><\/li><li><strong>Poli\u00e7e kontrol listesinde sa\u011f mouse tu\u015funa basarak \u00fczerinde bulundu\u011funuz poli\u00e7eyi veya listenin tamam\u0131n\u0131n kontrol\u00fcn\u00fc otomatik olarak sa\u011flayabilirsiniz. Yine ayn\u0131 b\u00f6l\u00fcmde yanl\u0131\u015f yaz\u0131lan bir poli\u00e7eyi veya listenin tamam\u0131n\u0131 silebilirsiniz.<\/strong><\/li><li><strong>Programa giri\u015f esnas\u0131nda son 1 ay i\u00e7erisinde s\u00fcresi dolacak olan poli\u00e7elerin adetlerini mesaj olarak ekranda hat\u0131rlatmaktad\u0131r. \u00c7\u0131kan hat\u0131rlatma ekran\u0131na t\u0131klad\u0131\u011f\u0131n\u0131zda s\u00fcresi dolacak olan poli\u00e7elerin listesini ekrana getirmektedir. \u0130stenildi\u011fi taktirde excel dosyas\u0131 olu\u015fturabilirsiniz.<\/strong><\/li><li><strong>Program\u0131n ana ekran\u0131nda sa\u011f \u00fcst k\u00f6\u015fede anl\u0131k olarak Cari Hesap Bakiye durumunuzu g\u00f6rebilirsiniz. Bakiye durumu 10 dakikada bir yenilenmektedir. \u0130stenildi\u011fi taktirde \u00fczerine \u00e7ift t\u0131klayarak an\u0131nda g\u00fcncelleme yapabilirsiniz.<\/strong><\/li><li><strong>\u00dcst Men\u00fcde bulunan \u0130\u015flemler Men\u00fcs\u00fcnden Partaja kay\u0131tl\u0131 olan poli\u00e7elerinizin listesini alabilir, excel dosyas\u0131 olu\u015fturabilirsiniz.<\/strong><\/li><li><strong>\u00dcst Men\u00fcde bulunan \u015eube Poli\u00e7e \u00dcretim Raporu Al se\u00e7ene\u011finden ise, belirleyece\u011finiz tarih aral\u0131\u011f\u0131ndaki \u015eube \u00dcretimlerini listeleyebilir, excel dosyas\u0131 olu\u015fturabilirsiniz.<\/strong><\/li><li><strong>\u00dcst Men\u00fcde bulunan \u015eube Poli\u00e7e \u00dcretim XML Raporu Al se\u00e7ene\u011finde ise, belirleyece\u011finiz tarihler aras\u0131ndaki \u00fcretimlerinizi XML Raporu olarak haz\u0131rlamakta ve kulland\u0131\u011f\u0131n\u0131z herhangi bir program varsa ona poli\u00e7e transferi yap\u0131lmas\u0131n\u0131 sa\u011flamaktad\u0131r. Psp Yaz\u0131l\u0131m program\u0131 kullanan \u015eube \/ Tali Acenteler kendi programlar\u0131na otomatik olarak aktar\u0131m yapabilmektedir.<\/strong><\/li><li><strong>\u00dcst Men\u00fcde bulunan Tecdit Listesi Raporu Al se\u00e7ene\u011finde ise, belirleyece\u011finiz tarih aral\u0131\u011f\u0131nda s\u00fcresi dolacak olan poli\u00e7elerinizin listesini alabilirsiniz.<\/strong><\/li><li><strong>\u00dcst Men\u00fcde bulunan Cari Hesap Hareketleri se\u00e7ene\u011finden ise, \u015eubesi oldu\u011funuz Ana Acentedeki cari hesap hareketlerini listeleyebilirsiniz.<\/strong><\/li><li><strong>Programdaki her listeleme i\u015flemini Excel Dosyas\u0131 olarak saklayabilirsiniz. Kay\u0131t edilen Excel Dosyalar\u0131na ise \u00dcst Men\u00fcde bulunan Rapor Klas\u00f6r\u00fcn\u00fc A\u00e7 sekmesinden ula\u015fabilirsiniz.<\/strong><\/li><li><strong>Merkez ve \u015eube aras\u0131nda Online Mutabakat yap\u0131labilmektedir.<\/strong><\/li><\/ul>\t\t\t\t\t\t\t\t<\/div>\n\t\t\t\t<div class=\"elementor-element elementor-element-37ca10e e-transform elementor-widget elementor-widget-heading\" data-id=\"37ca10e\" data-element_type=\"widget\" data-e-type=\"widget\" data-settings=\"{&quot;_transform_scale_effect_hover&quot;:{&quot;unit&quot;:&quot;px&quot;,&quot;size&quot;:&quot;&quot;,&quot;sizes&quot;:[]},&quot;_transform_scale_effect_hover_tablet&quot;:{&quot;unit&quot;:&quot;px&quot;,&quot;size&quot;:&quot;&quot;,&quot;sizes&quot;:[]},&quot;_transform_scale_effect_hover_mobile&quot;:{&quot;unit&quot;:&quot;px&quot;,&quot;size&quot;:&quot;&quot;,&quot;sizes&quot;:[]}}\" data-widget_type=\"heading.default\">\n\t\t\t\t\t<h2 class=\"elementor-heading-title elementor-size-default\">Kullan\u0131c\u0131 Ba\u015f\u0131 Y\u0131ll\u0131k Fiyat\u0131 : 1.400 TL + % 20 KDV<\/h2>\t\t\t\t<\/div>\n\t\t\t\t<\/div>\n\t\t\t\t\t<\/div>\n\t\t\t\t<\/div>\n\t\t\t\t<\/div>\n\t\t","protected":false},"excerpt":{"rendered":"<p>\u015eube Program\u0131 \u015eube Program\u0131 \u015eube Program\u0131 Ba\u015fl\u0131ca \u00d6zellikleri Sigorta Acente\u2019 lerinin Resmi \u015eube ve Tali Acentelerinin kullanabildi\u011fi, kullan\u0131m\u0131 kolay ve bir\u00e7ok \u00f6zellikleri i\u00e7erisinde bar\u0131nd\u0131ran bir programd\u0131r. Ba\u015fl\u0131ca \u00f6zellikleri a\u015fa\u011f\u0131da s\u0131ralanm\u0131\u015ft\u0131r. Resmi \u015eube veya Tali Acente kesmi\u015f oldu\u011fu poli\u00e7e numaras\u0131n\u0131 sistemden giri\u015fini yaparak, ilgili poli\u00e7eyi kendi partaj\u0131na ekleyebilmektedir. Yaz\u0131lan poli\u00e7e numaras\u0131 sistemde bulunamad\u0131\u011f\u0131 taktirde, program iste\u011finize&#8230;<\/p>\n","protected":false},"author":1,"featured_media":0,"parent":0,"menu_order":0,"comment_status":"closed","ping_status":"closed","template":"","meta":{"_kadence_starter_templates_imported_post":false,"_kad_post_transparent":"","_kad_post_title":"hide","_kad_post_layout":"fullwidth","_kad_post_sidebar_id":"","_kad_post_content_style":"unboxed","_kad_post_vertical_padding":"hide","_kad_post_feature":"hide","_kad_post_feature_position":"","_kad_post_header":false,"_kad_post_footer":false,"_kad_post_classname":"","_joinchat":[],"footnotes":""},"class_list":["post-809","page","type-page","status-publish","hentry"],"_links":{"self":[{"href":"https:\/\/pspyazilim.com\/index.php?rest_route=\/wp\/v2\/pages\/809","targetHints":{"allow":["GET"]}}],"collection":[{"href":"https:\/\/pspyazilim.com\/index.php?rest_route=\/wp\/v2\/pages"}],"about":[{"href":"https:\/\/pspyazilim.com\/index.php?rest_route=\/wp\/v2\/types\/page"}],"author":[{"embeddable":true,"href":"https:\/\/pspyazilim.com\/index.php?rest_route=\/wp\/v2\/users\/1"}],"replies":[{"embeddable":true,"href":"https:\/\/pspyazilim.com\/index.php?rest_route=%2Fwp%2Fv2%2Fcomments&post=809"}],"version-history":[{"count":94,"href":"https:\/\/pspyazilim.com\/index.php?rest_route=\/wp\/v2\/pages\/809\/revisions"}],"predecessor-version":[{"id":3883,"href":"https:\/\/pspyazilim.com\/index.php?rest_route=\/wp\/v2\/pages\/809\/revisions\/3883"}],"wp:attachment":[{"href":"https:\/\/pspyazilim.com\/index.php?rest_route=%2Fwp%2Fv2%2Fmedia&parent=809"}],"curies":[{"name":"wp","href":"https:\/\/api.w.org\/{rel}","templated":true}]}}