{"id":546,"date":"2024-03-24T11:00:13","date_gmt":"2024-03-24T11:00:13","guid":{"rendered":"https:\/\/pspyazilim.com\/wordpress\/?page_id=546"},"modified":"2026-01-16T12:03:12","modified_gmt":"2026-01-16T09:03:12","slug":"kullanici-sozlesmesi","status":"publish","type":"page","link":"https:\/\/pspyazilim.com\/?page_id=546","title":{"rendered":"KULLANICI S\u00d6ZLE\u015eMES\u0130"},"content":{"rendered":"\t\t<div data-elementor-type=\"wp-page\" data-elementor-id=\"546\" class=\"elementor elementor-546\" data-elementor-post-type=\"page\">\n\t\t\t\t<div class=\"elementor-element elementor-element-4eab9dc e-con-full e-flex e-con e-parent\" data-id=\"4eab9dc\" data-element_type=\"container\" data-e-type=\"container\">\n\t\t\t\t<div class=\"elementor-element elementor-element-ce6d9e0 elementor-widget__width-inherit elementor-widget elementor-widget-n-carousel\" data-id=\"ce6d9e0\" data-element_type=\"widget\" data-e-type=\"widget\" data-settings=\"{&quot;carousel_items&quot;:[{&quot;slide_title&quot;:&quot;Slide #1&quot;,&quot;_id&quot;:&quot;e995975&quot;}],&quot;slides_to_show&quot;:&quot;1&quot;,&quot;slides_to_show_tablet&quot;:&quot;2&quot;,&quot;slides_to_show_mobile&quot;:&quot;1&quot;,&quot;speed&quot;:500,&quot;image_spacing_custom&quot;:{&quot;unit&quot;:&quot;px&quot;,&quot;size&quot;:10,&quot;sizes&quot;:[]},&quot;image_spacing_custom_tablet&quot;:{&quot;unit&quot;:&quot;px&quot;,&quot;size&quot;:&quot;&quot;,&quot;sizes&quot;:[]},&quot;image_spacing_custom_mobile&quot;:{&quot;unit&quot;:&quot;px&quot;,&quot;size&quot;:&quot;&quot;,&quot;sizes&quot;:[]}}\" data-widget_type=\"nested-carousel.default\">\n\t\t\t\t\t\t\t<div class=\"e-n-carousel swiper\" role=\"region\" aria-roledescription=\"carousel\" aria-label=\"Carousel\" dir=\"ltr\">\n\t\t\t<div class=\"swiper-wrapper\" aria-live=\"polite\">\n\t\t\t\t\t\t\t\t\t\t<div class=\"swiper-slide\" data-slide=\"1\" role=\"group\" aria-roledescription=\"slide\" aria-label=\"1 of 1\">\n\t\t\t\t\t\t\t<div class=\"elementor-element elementor-element-52945b2 e-con-full e-flex e-con e-child\" data-id=\"52945b2\" data-element_type=\"container\" data-e-type=\"container\">\n\t\t<div class=\"elementor-element elementor-element-eeddace e-con-full e-flex e-con e-child\" data-id=\"eeddace\" data-element_type=\"container\" data-e-type=\"container\" data-settings=\"{&quot;background_background&quot;:&quot;classic&quot;,&quot;shape_divider_top&quot;:&quot;mountains&quot;,&quot;shape_divider_bottom&quot;:&quot;mountains&quot;}\">\n\t\t\t\t<div class=\"elementor-shape elementor-shape-top\" aria-hidden=\"true\" data-negative=\"false\">\n\t\t\t<svg xmlns=\"http:\/\/www.w3.org\/2000\/svg\" viewBox=\"0 0 1000 100\" preserveAspectRatio=\"none\">\n\t<path class=\"elementor-shape-fill\" opacity=\"0.33\" d=\"M473,67.3c-203.9,88.3-263.1-34-320.3,0C66,119.1,0,59.7,0,59.7V0h1000v59.7 c0,0-62.1,26.1-94.9,29.3c-32.8,3.3-62.8-12.3-75.8-22.1C806,49.6,745.3,8.7,694.9,4.7S492.4,59,473,67.3z\"\/>\n\t<path class=\"elementor-shape-fill\" opacity=\"0.66\" d=\"M734,67.3c-45.5,0-77.2-23.2-129.1-39.1c-28.6-8.7-150.3-10.1-254,39.1 s-91.7-34.4-149.2,0C115.7,118.3,0,39.8,0,39.8V0h1000v36.5c0,0-28.2-18.5-92.1-18.5C810.2,18.1,775.7,67.3,734,67.3z\"\/>\n\t<path class=\"elementor-shape-fill\" d=\"M766.1,28.9c-200-57.5-266,65.5-395.1,19.5C242,1.8,242,5.4,184.8,20.6C128,35.8,132.3,44.9,89.9,52.5C28.6,63.7,0,0,0,0 h1000c0,0-9.9,40.9-83.6,48.1S829.6,47,766.1,28.9z\"\/>\n<\/svg>\t\t<\/div>\n\t\t\t\t<div class=\"elementor-shape elementor-shape-bottom\" aria-hidden=\"true\" data-negative=\"false\">\n\t\t\t<svg xmlns=\"http:\/\/www.w3.org\/2000\/svg\" viewBox=\"0 0 1000 100\" preserveAspectRatio=\"none\">\n\t<path class=\"elementor-shape-fill\" opacity=\"0.33\" d=\"M473,67.3c-203.9,88.3-263.1-34-320.3,0C66,119.1,0,59.7,0,59.7V0h1000v59.7 c0,0-62.1,26.1-94.9,29.3c-32.8,3.3-62.8-12.3-75.8-22.1C806,49.6,745.3,8.7,694.9,4.7S492.4,59,473,67.3z\"\/>\n\t<path class=\"elementor-shape-fill\" opacity=\"0.66\" d=\"M734,67.3c-45.5,0-77.2-23.2-129.1-39.1c-28.6-8.7-150.3-10.1-254,39.1 s-91.7-34.4-149.2,0C115.7,118.3,0,39.8,0,39.8V0h1000v36.5c0,0-28.2-18.5-92.1-18.5C810.2,18.1,775.7,67.3,734,67.3z\"\/>\n\t<path class=\"elementor-shape-fill\" d=\"M766.1,28.9c-200-57.5-266,65.5-395.1,19.5C242,1.8,242,5.4,184.8,20.6C128,35.8,132.3,44.9,89.9,52.5C28.6,63.7,0,0,0,0 h1000c0,0-9.9,40.9-83.6,48.1S829.6,47,766.1,28.9z\"\/>\n<\/svg>\t\t<\/div>\n\t\t<div class=\"elementor-element elementor-element-6008bd1 e-con-full e-flex e-con e-child\" data-id=\"6008bd1\" data-element_type=\"container\" data-e-type=\"container\">\n\t\t<div class=\"elementor-element elementor-element-8cf4e61 e-flex e-con-boxed e-con e-child\" data-id=\"8cf4e61\" data-element_type=\"container\" data-e-type=\"container\">\n\t\t\t\t\t<div class=\"e-con-inner\">\n\t\t\t\t<div class=\"elementor-element elementor-element-b46d52b elementor-widget elementor-widget-heading\" data-id=\"b46d52b\" data-element_type=\"widget\" data-e-type=\"widget\" data-widget_type=\"heading.default\">\n\t\t\t\t\t<h2 class=\"elementor-heading-title elementor-size-default\">Kullan\u0131c\u0131 S\u00f6zle\u015fmesi<\/h2>\t\t\t\t<\/div>\n\t\t\t\t<div class=\"elementor-element elementor-element-50364ad elementor-widget elementor-widget-text-editor\" data-id=\"50364ad\" data-element_type=\"widget\" data-e-type=\"widget\" data-widget_type=\"text-editor.default\">\n\t\t\t\t\t\t\t\t\t<p>PSP Yaz\u0131l\u0131m web sitesinde sunulan hizmetlerden yararlanmay\u0131 talep eden ki\u015filer i\u015fbu \u201cKullan\u0131c\u0131 S\u00f6zle\u015fmesi&#8217; nde yer alan h\u00fck\u00fcm ve \u015fartlar\u0131n tamam\u0131n\u0131 aynen kabul eder. Firmam\u0131z internet sitesini kullanan veya Firmam\u0131z taraf\u0131ndan sunulan hizmetlerden yararlanmay\u0131 talep eden ki\u015filer, i\u015fbu \u201cKullan\u0131c\u0131 S\u00f6zle\u015fmesi\u201dnde yer alan h\u00fck\u00fcm ve \u015fartlara ve bu sitedeki di\u011fer talimatlara ba\u011fl\u0131 kalmay\u0131 taahh\u00fct eder. Kullan\u0131c\u0131lar\u0131n burada yer alan \u015fartlar\u0131 kabul etmemesi halinde, bu internet sitesine eri\u015fmemeleri ve kullanmamalar\u0131 ve kullanmaya ba\u015flam\u0131\u015f olmalar\u0131 halinde kullan\u0131mlar\u0131n\u0131 derhal durdurmalar\u0131 gerekmektedir.<\/p>\t\t\t\t\t\t\t\t<\/div>\n\t\t\t\t\t<\/div>\n\t\t\t\t<\/div>\n\t\t\t\t<\/div>\n\t\t\t\t<\/div>\n\t\t\t\t<\/div>\n\t\t\t\t\t\t\t\t<\/div>\n\t\t\t\t\t\t\t\t<\/div>\n\t\t<\/div>\n\t\t\t\t\t\t<\/div>\n\t\t\t\t<\/div>\n\t\t<div class=\"elementor-element elementor-element-a703ff6 e-flex e-con-boxed e-con e-parent\" data-id=\"a703ff6\" data-element_type=\"container\" data-e-type=\"container\" data-settings=\"{&quot;background_background&quot;:&quot;classic&quot;}\">\n\t\t\t\t\t<div class=\"e-con-inner\">\n\t\t<div class=\"elementor-element elementor-element-64513eb e-con-full e-flex e-con e-child\" data-id=\"64513eb\" data-element_type=\"container\" data-e-type=\"container\">\n\t\t\t\t<div class=\"elementor-element elementor-element-dda3163 elementor-widget__width-inherit elementor-widget elementor-widget-sidebar\" data-id=\"dda3163\" data-element_type=\"widget\" data-e-type=\"widget\" data-widget_type=\"sidebar.default\">\n\t\t\t\t\t<section id=\"text-3\" class=\"widget widget_text\"><h2 class=\"widget-title\">KURUMSAL<\/h2>\t\t\t<div class=\"textwidget\"><p><a href=\"https:\/\/pspyazilim.com\/?page_id=594\">Hakk\u0131m\u0131zda<\/a><br \/>\n<a href=\"https:\/\/pspyazilim.com\/?page_id=574\">Banka Hesaplar\u0131<\/a><br \/>\n<a href=\"https:\/\/pspyazilim.com\/?page_id=557\">G\u00fcncelleme Ge\u00e7mi\u015fi<\/a><br \/>\n<a href=\"https:\/\/pspyazilim.com\/?page_id=527\">\u00c7erez Politikas\u0131<\/a><br \/>\n<a href=\"https:\/\/pspyazilim.com\/?page_id=539\">Gizlilik Politikas\u0131<\/a><br \/>\n<a href=\"https:\/\/pspyazilim.com\/?page_id=546\">Kullan\u0131c\u0131 S\u00f6zle\u015fmesi<\/a><\/p>\n<\/div>\n\t\t<\/section>\t\t\t\t<\/div>\n\t\t\t\t<\/div>\n\t\t<div class=\"elementor-element elementor-element-789b3f8 e-con-full e-flex e-con e-child\" data-id=\"789b3f8\" data-element_type=\"container\" data-e-type=\"container\">\n\t\t\t\t<div class=\"elementor-element elementor-element-a998ae1 elementor-widget elementor-widget-text-editor\" data-id=\"a998ae1\" data-element_type=\"widget\" data-e-type=\"widget\" data-settings=\"{&quot;_animation&quot;:&quot;none&quot;}\" data-widget_type=\"text-editor.default\">\n\t\t\t\t\t\t\t\t\t<p>PSPforSQL<strong> Sigorta Acente Program\u0131 Kullan\u0131c\u0131 Lisans S\u00f6zle\u015fmesi<\/strong><\/p><p>\u00a0\u00a0\u00a0\u00a0\u00a0\u00a0\u00a0\u00a0\u00a0\u00a0\u00a0\u00a0\u00a0\u00a0\u00a0 Bu anla\u015fmay\u0131 kabul ederek\u00a0<strong>PSP YAZILIM B\u0130LG\u0130SAYAR ve T\u0130CARET LTD. \u015eT\u0130.<\/strong>\u2019 inden Program y\u00fcklenmesi yap\u0131ld\u0131ktan sonra bu anla\u015fmadan ve Sigorta Acente Program\u0131 kullan\u0131c\u0131s\u0131 olman\u0131zdan do\u011fan\/do\u011facak haklardan yararlanman\u0131z m\u00fcmk\u00fcn olacakt\u0131r.<\/p><ol><li>\u0130\u015f bu anla\u015fma, a\u015fa\u011f\u0131da a\u00e7\u0131k ad\u0131 ve adresi yaz\u0131l\u0131 \u00f6zel veya t\u00fczel ki\u015fi (Bundan sonra <strong>KULLANICI<\/strong> olarak an\u0131lacakt\u0131r) ile <strong>PSP YAZILIM B\u0130LG\u0130SAYAR ve T\u0130CARET LTD. \u015eT\u0130.<\/strong> (Bundan sonra <strong>PSP<\/strong> olarak an\u0131lacakt\u0131r) aras\u0131nda yap\u0131lm\u0131\u015f kanuni bir taahh\u00fctnamedir.<\/li><li><strong>KULLANICI<\/strong> bu anla\u015fma ile, belirtilen adreste, \u00e7al\u0131\u015f\u0131r vaziyette olan bilgisayar konfig\u00fcrasyonu, belirtilen i\u015fletim sisteminde ve sadece bu anla\u015fmada belirtilen program mod\u00fcllerinin kullan\u0131m hakk\u0131n\u0131 sat\u0131n alm\u0131\u015ft\u0131r. <strong>PSP<\/strong> yaz\u0131l\u0131mlar\u0131n\u0131n bu anla\u015fmada belirtilenden farkl\u0131 adres, bilgisayar konfig\u00fcrasyonu, i\u015fletim sisteminde kullan\u0131lmas\u0131 yeni bir lisans anla\u015fmas\u0131n\u0131n d\u00fczenlenmesini gerektirir.<\/li><li>Yaz\u0131l\u0131mlar\u0131n ve bunlar\u0131 b\u00fct\u00fcnleyen programlar\u0131n, kullan\u0131m dok\u00fcmanlar\u0131n\u0131n t\u00fcm telif ve yasal haklar\u0131 <strong>PSP<\/strong>\u2019 ye aittir.<\/li><li>Yaz\u0131l\u0131mlar\u0131n ve bunlar\u0131 b\u00fct\u00fcnleyen programlar\u0131n, program disketlerinin, kullan\u0131m d\u00f6k\u00fcmantasyonlar\u0131 ve kitaplar\u0131n\u0131n yedekleme maksad\u0131 d\u0131\u015f\u0131nda kopyalanmas\u0131, \u00e7o\u011falt\u0131lmas\u0131 ve ba\u015fka yaz\u0131l\u0131mlar\u0131n \u00fcretilmesi esnas\u0131nda yararlan\u0131lmas\u0131, elektronik veya optik olarak transfer edilmesi, kaynak kod haline d\u00f6n\u00fc\u015ft\u00fcr\u00fclmesi ile neticelenen \u00e7al\u0131\u015fmalar, <strong>PSP<\/strong>\u2019 nin yasalardan do\u011fan haklar\u0131n\u0131n ihlali, haks\u0131z fiil ve su\u00e7 te\u015fkil eder. <strong>PSP<\/strong> yaz\u0131l\u0131mlar\u0131, bunlar\u0131 b\u00fct\u00fcnleyen programlar\u0131n, kullan\u0131m d\u00f6k\u00fcmanlar\u0131, 5846 say\u0131l\u0131 Fikir ve Sanat Eserleri Kanunu ve 765 say\u0131l\u0131 T\u00fcrk Ceza Kanununun 525A, 525B ve 525C maddeleri ile koruma alt\u0131na al\u0131nm\u0131\u015f olup, izinsiz olarak kopyalanmas\u0131 bu kanunlara g\u00f6re su\u00e7 te\u015fkil eder.<\/li><li><strong>PSP<\/strong>, yaz\u0131l\u0131mlar\u0131n\u0131n ve bunlar\u0131 b\u00fct\u00fcnleyen programlar\u0131n, kullan\u0131m d\u00f6k\u00fcmanlar\u0131n\u0131n, program disketlerinin ve di\u011fer \u00fcr\u00fcnlerin hatas\u0131z oldu\u011funu ve kullan\u0131c\u0131n\u0131n \u00f6zel ihtiya\u00e7lar\u0131n\u0131 kar\u015f\u0131layabilece\u011fini taahh\u00fct etmez. Yaz\u0131l\u0131mlar ve bunlar\u0131 b\u00fct\u00fcnleyen programlar\u0131, kullan\u0131m d\u00f6k\u00fcmanlar\u0131, program disketleri ve di\u011fer \u00fcr\u00fcnler kullan\u0131c\u0131 taraf\u0131ndan \u201c<strong>OLDU\u011eU G\u0130B\u0130<\/strong>\u201d kabul edilir. Aksi iddia edilemez. <strong>PSP<\/strong> ya da <strong>PSP<\/strong> Yetkili Sat\u0131c\u0131lar\u0131, yaz\u0131l\u0131mlar\u0131n ve bunlar\u0131 b\u00fct\u00fcnleyen programlar\u0131n, kullan\u0131m dok\u00fcmanlar\u0131n\u0131n, program disketlerinin uygulanmas\u0131, kurulu\u015fu nedeniyle olu\u015fabilecek sonu\u00e7lardan veya bu i\u015flemler sonucu al\u0131nan kararlardan ve yap\u0131lan i\u015flerden, kazaen veya \u00f6zellikle, veya dolayl\u0131 olarak do\u011fabilecek maddi, manevi, hukuki ve mali sonu\u00e7lardan, bu nedenle olu\u015fabilecek kazan\u00e7 ve kay\u0131plardan, keza yasalara ayk\u0131r\u0131 olarak kullan\u0131lmas\u0131ndan hi\u00e7bir \u015fekilde sorumlu tutulamaz.<\/li><li><strong>PSP<\/strong>, ar\u0131zal\u0131 oldu\u011fu belirlenen \u00fcr\u00fcnlerini, fatura tarihinden itibaren en ge\u00e7 10 (on) g\u00fcn i\u00e7inde \u00fccretsiz olarak de\u011fi\u015ftirilir. Ancak ar\u0131zal\u0131 oldu\u011fu bildirilen \u00fcr\u00fcn <strong>PSP<\/strong>\u2019 ye iade edilmeden hi\u00e7bir i\u015flem yap\u0131lmaz. Kullan\u0131c\u0131 hatalar\u0131, bilgisayar konfig\u00fcrasyon ar\u0131zas\u0131, elektrik kesilmesi, vir\u00fcsler ve sair nedenlerle olu\u015fabilecek ar\u0131zalardan <strong>PSP<\/strong> sorumlu tutulamaz. Girilen bilgilerin ve sat\u0131n al\u0131nan yaz\u0131l\u0131mlar\u0131n korunmas\u0131, her t\u00fcrl\u00fc bilgi kayb\u0131na kar\u015f\u0131 d\u00fczenli olarak yedeklenmesi kullan\u0131c\u0131 sorumlulu\u011fundad\u0131r.<\/li><li><strong>PSP<\/strong>, zamanlamas\u0131 ve kapsam\u0131 kendi inisiyatifinde olmak \u00fczere, yaz\u0131l\u0131mlar\u0131 ve bunlar\u0131 olu\u015fturan programlar\u0131n hatalar\u0131n\u0131 gidermek, geli\u015ftirmek, g\u00fcn\u00fcn \u015fartlar\u0131na ve\/veya yeni \u00e7\u0131kan yasalara uydurmak maksad\u0131 ile yaz\u0131l\u0131mlarda de\u011fi\u015fiklikleri yapar ve\/veya yeni versiyonlar\u0131 \u00e7\u0131kartabilir. Lisansl\u0131 <strong>PSP<\/strong> kullan\u0131c\u0131lar\u0131 bedeli kar\u015f\u0131l\u0131\u011f\u0131nda bu de\u011fi\u015fiklikleri, yeni versiyonlar\u0131 sat\u0131n alabilirler. <strong>PSP<\/strong> yeni versiyon ve de\u011fi\u015fiklikleri kullan\u0131c\u0131lara duyuraca\u011f\u0131n\u0131, eski programlara girilmi\u015f bilgilerin yeni versiyon programlara uyarlanabildi\u011fini taahh\u00fct etmez.<\/li><li>Kullan\u0131c\u0131 \u00fccretini \u00f6deyip yaz\u0131l\u0131m\u0131 ald\u0131\u011f\u0131 anda lisans anla\u015fmas\u0131 olu\u015fmu\u015f olur. Bu anla\u015fmada belirtilen y\u00fck\u00fcml\u00fcl\u00fckleri pe\u015finen kabul etmi\u015f say\u0131l\u0131r. <strong>KULLANICI<\/strong> <strong>PSP<\/strong> yaz\u0131l\u0131m lisans anla\u015fmas\u0131n\u0131 imzalay\u0131p <strong>PSP<\/strong>\u2019 ye g\u00f6ndermedi\u011fi taktirde, <strong>PSP<\/strong>\u2019 nin e\u011fitim destek, versiyon yenileme ve di\u011fer hizmetlerden yararlanma hakk\u0131n\u0131 kaybeder.<\/li><li>Bu anla\u015fmada belirtilen yaz\u0131l\u0131mlar geri al\u0131nmaz ve de\u011fi\u015ftirilmez.<\/li><li>Bu anla\u015fma ile sa\u011flanm\u0131\u015f olan hak ve sorumluluklar hi\u00e7bir \u015fekilde bir ba\u015fka \u00f6zel veya t\u00fczel ki\u015fiye \u00fccretli veya \u00fccretsiz devredilemez, kiralanamaz, kulland\u0131r\u0131lamaz. <strong>KULLANICI<\/strong>, <strong>PSP<\/strong> yaz\u0131l\u0131mlar\u0131n\u0131 belirtilen adres ve bilgisayar konfig\u00fcrasyonlar\u0131 d\u0131\u015f\u0131nda kulland\u0131r\u0131lmayaca\u011f\u0131n\u0131, izinsiz olarak kopyalanmayaca\u011f\u0131n\u0131, bir ba\u015fkas\u0131na devredilmeyece\u011fini, sat\u0131lamayaca\u011f\u0131n\u0131 taahh\u00fct eder. Aksi kullan\u0131m \u015fekline izin verilmez, bu t\u00fcr kullan\u0131m ka\u00e7ak kullan\u0131m kapsam\u0131na girer ve <strong>PSP<\/strong> Kanuni haklar\u0131n\u0131 (program\u0131n silinmesi ya da yeniden \u00fccretlendirilerek lisansl\u0131 kapsama al\u0131nmas\u0131) kullan\u0131l\u0131r. <strong>KULLANICI<\/strong>\u2019 ya yap\u0131lacak t\u00fcm bildirimler anla\u015fmada belirtilen adres ve telefonlara yap\u0131l\u0131r. <strong>KULLANICI<\/strong>, kendisine ait bilgilerdeki de\u011fi\u015fiklikleri <strong>PSP<\/strong>\u2019 ye bildirmek zorundad\u0131r.<\/li><li>Bu anla\u015fma, a\u015fa\u011f\u0131da ad\u0131 belirtilen yaz\u0131l\u0131mlar i\u00e7in belirtilen s\u00fcre ve ko\u015fullarda e\u011fitim\/destek verilir.<\/li><li>Bu anla\u015fmadaki \u00fcr\u00fcnlerin, 1 (Bir) y\u0131l boyunca yap\u0131lacak g\u00fcncelleme ve teknik hizmetler (Telefon ve Internet yard\u0131m\u0131) \u00fccretsiz olarak verilecektir. 1 (Bir) y\u0131ldan sonra, <strong>y\u0131ll\u0131k olarak a\u00e7\u0131klanacak olan tutar \u00fczerinden <\/strong>G\u00fcncelleme ve Destek Hizmetleri \u00fccreti al\u0131nacakt\u0131r. <strong>PSP<\/strong>, G\u00fcncelleme ve Destek Hizmetleri \u00fccretini y\u0131ll\u0131k enflasyon oran\u0131na g\u00f6re de\u011fi\u015ftirebilecektir. Program devaml\u0131l\u0131\u011f\u0131n\u0131 sa\u011flamak i\u00e7in ilk y\u0131ldan sonra Y\u0131ll\u0131k G\u00fcncelleme ve Destek Hizmetleri s\u00f6zle\u015fmesi yap\u0131lmas\u0131 zorunludur. Yapmayan <strong>KULLANICI<\/strong>&#8216; n\u0131n program hizmetleri 7 g\u00fcn i\u00e7erisinde sonland\u0131r\u0131l\u0131r. <strong>PSP<\/strong>, borcu olan m\u00fc\u015fterilerin programlar\u0131n\u0131 durdurma hakk\u0131n\u0131 sakl\u0131 tutar.<\/li><li>\u0130\u015f bu anla\u015fma 13 (On\u00dc\u00e7) maddeden ibarettir. Bu anla\u015fmadan do\u011facak ihtilaflarda <strong>ADANA<\/strong> Mahkemeleri ve \u0130cra Daireleri yetkilidir.<\/li><\/ol>\t\t\t\t\t\t\t\t<\/div>\n\t\t\t\t<\/div>\n\t\t\t\t\t<\/div>\n\t\t\t\t<\/div>\n\t\t\t\t<\/div>\n\t\t","protected":false},"excerpt":{"rendered":"<p>Kullan\u0131c\u0131 S\u00f6zle\u015fmesi PSP Yaz\u0131l\u0131m web sitesinde sunulan hizmetlerden yararlanmay\u0131 talep eden ki\u015filer i\u015fbu \u201cKullan\u0131c\u0131 S\u00f6zle\u015fmesi&#8217; nde yer alan h\u00fck\u00fcm ve \u015fartlar\u0131n tamam\u0131n\u0131 aynen kabul eder. Firmam\u0131z internet sitesini kullanan veya Firmam\u0131z taraf\u0131ndan sunulan hizmetlerden yararlanmay\u0131 talep eden ki\u015filer, i\u015fbu \u201cKullan\u0131c\u0131 S\u00f6zle\u015fmesi\u201dnde yer alan h\u00fck\u00fcm ve \u015fartlara ve bu sitedeki di\u011fer talimatlara ba\u011fl\u0131 kalmay\u0131 taahh\u00fct eder&#8230;.<\/p>\n","protected":false},"author":1,"featured_media":0,"parent":0,"menu_order":0,"comment_status":"closed","ping_status":"closed","template":"","meta":{"_kadence_starter_templates_imported_post":false,"_kad_post_transparent":"","_kad_post_title":"hide","_kad_post_layout":"fullwidth","_kad_post_sidebar_id":"","_kad_post_content_style":"unboxed","_kad_post_vertical_padding":"hide","_kad_post_feature":"hide","_kad_post_feature_position":"","_kad_post_header":false,"_kad_post_footer":false,"_kad_post_classname":"","_joinchat":[],"footnotes":""},"class_list":["post-546","page","type-page","status-publish","hentry"],"_links":{"self":[{"href":"https:\/\/pspyazilim.com\/index.php?rest_route=\/wp\/v2\/pages\/546","targetHints":{"allow":["GET"]}}],"collection":[{"href":"https:\/\/pspyazilim.com\/index.php?rest_route=\/wp\/v2\/pages"}],"about":[{"href":"https:\/\/pspyazilim.com\/index.php?rest_route=\/wp\/v2\/types\/page"}],"author":[{"embeddable":true,"href":"https:\/\/pspyazilim.com\/index.php?rest_route=\/wp\/v2\/users\/1"}],"replies":[{"embeddable":true,"href":"https:\/\/pspyazilim.com\/index.php?rest_route=%2Fwp%2Fv2%2Fcomments&post=546"}],"version-history":[{"count":118,"href":"https:\/\/pspyazilim.com\/index.php?rest_route=\/wp\/v2\/pages\/546\/revisions"}],"predecessor-version":[{"id":3877,"href":"https:\/\/pspyazilim.com\/index.php?rest_route=\/wp\/v2\/pages\/546\/revisions\/3877"}],"wp:attachment":[{"href":"https:\/\/pspyazilim.com\/index.php?rest_route=%2Fwp%2Fv2%2Fmedia&parent=546"}],"curies":[{"name":"wp","href":"https:\/\/api.w.org\/{rel}","templated":true}]}}